posite number?
False
Let d(q) = -27458*q - 6361. Is d(-4) a composite number?
False
Suppose -2*z = -3*i - 16900, -34*z + 32*z + 16906 = -4*i. Is z a composite number?
True
Let y be (3/(-2))/((-15)/10). Is y/8*75590 - 7/(-28) a composite number?
True
Let n = 2517 + -1251. Suppose -3*y = 5*r - n, -y + 76 = -3*r - 346. Suppose -3*s + 0*s = 4*l - 571, -y = -3*l + 4*s. Is l composite?
True
Let h(o) = o**3 + 9*o**2 + o + 14. Let l be h(-9). Suppose -2*u + l*z = -20 - 19, 0 = -4*u + z + 33. Suppose 2*c - u*c = 5*x - 750, -470 = -3*x + c. Is x prime?
False
Let l = 93 + 27. Let f = -39 + l. Suppose -f = -4*o - 5*d, -20 = -d - 3*d. Is o a composite number?
True
Let d be (-129)/(-215) - (-182)/5. Suppose -5*z + 1454 = 2*s, 2244 = 3*s + z + d. Is s prime?
False
Let t = 581 + -569. Suppose 39*a = t*a + 18171. Is a a prime number?
True
Let n be (-1)/2 - 10302/(-12). Suppose -x + n = 2*x. Suppose -s = -1943 + x. Is s a composite number?
False
Let t(z) = 20*z**3 - 3*z + 46. Let q be t(9). Suppose -27*p + 40*p = q. Is p a prime number?
True
Suppose -c = -6*w + 2*w - 18, -4*w - 5*c - 30 = 0. Let k be ((-2)/(-10) + 3696/w)/(-1). Suppose -a + k + 182 = 0. Is a prime?
False
Suppose -135*t + 97353 = -106*t. Let o be (-15401)/(-2) + (-5)/(-10). Suppose t + o = 6*r. Is r a composite number?
True
Suppose 23*d - 24*d = -20081. Suppose 3*v - 24958 = d. Is v a composite number?
False
Let k(z) = -z**3 - z**2 - 1. Let m be -2 - -3*(0 - 1). Let u(b) = -330*b**3 + 5*b**2 + 2*b + 3. Let r(c) = m*k(c) - u(c). Is r(1) a prime number?
False
Suppose 0*b - 114 = -2*b. Let c = b + -55. Is c - 5 - (-1 + 1719/(-3)) prime?
True
Let s(g) be the second derivative of -1669*g**3/6 + 26*g**2 + 2*g + 6. Is s(-7) prime?
False
Let s = 48917 + 2666. Is s prime?
False
Let y be 1/(7/98)*(-3)/(-2). Suppose -3*a = l - 8, 4*l + l - 4*a - y = 0. Is (-2)/(-6)*(-15270)/(l - 7) a prime number?
False
Let f(o) = -2*o**3 - o**2 + o + 1. Let p(g) = -117*g**3 - 17*g - 1. Let k(z) = 2*f(z) - p(z). Is k(5) a prime number?
True
Suppose -33*x + 39 = -93. Suppose -x*b + 8149 = -5*p, b - 3*p - 8155 = -3*b. Is b composite?
True
Let s(c) = -4*c + 15. Let f be s(3). Suppose 0*m = 2*m - 6, 0 = f*p + 3*m - 19068. Is p a composite number?
False
Let o(m) = 6*m**2 + 133*m + 15. Let z be o(-22). Is (-11 - -14)/((-1)/z) prime?
False
Let y = 118685 + -6942. Is y prime?
False
Let g be (-5)/((-10)/(-2)) + -430. Let p = g + 648. Is p prime?
False
Let o = 313040 - 106657. Is o prime?
True
Let b(j) = j**3 + 29*j**2 + 57*j - 17. Let r = -709 + 691. Is b(r) a prime number?
True
Let r = 6 - -4. Let h(l) = 869*l - 53. Is h(r) a composite number?
True
Let g be 28/8 + 2/(-4). Suppose 20 = -i + 7*q - g*q, 2*i + 14 = -5*q. Is (112 - i)*17/4 prime?
False
Suppose 0 = n - 1044 - 1313. Is n a composite number?
False
Suppose -16815 = -2*n - n + 164826. Is n prime?
False
Is ((-1661372)/34)/((-124)/1054) prime?
True
Let s be 12925/(-22) + -2 + 6/4. Let u = -23 - -13. Is u/(-50) + s/(-10) composite?
False
Let d be (0/6)/(-3 - -2). Suppose d = -21*z + 20*z + 115. Is z composite?
True
Let w = 257521 + 159988. Is w a composite number?
False
Let q = 1156 - 2054. Let w = 388 - q. Suppose 3*j = -0*z + 3*z - 966, -2*j = -4*z + w. Is z composite?
True
Is 2/6*(-24 + 25)*84489 prime?
True
Suppose -5*n - 5 = 2*a, -a + 14 = -n - 2*n. Suppose 0 = -a*g + 2*g + 765. Suppose 4*o - 3*o - g = 2*x, -240 = -o + 5*x. Is o prime?
False
Suppose -15*j - 1500 = -20*j. Suppose -1818 = -6*s - j. Is s a prime number?
False
Suppose 13953 = 12*h - n - 12067, 2*h - n - 4340 = 0. Let w be 3 + -1 - 4 - 1327. Let g = w + h. Is g composite?
False
Is -4 - (20/240 + (-14698228)/48) prime?
True
Let q = 845 + -538. Let b(l) = l + 3. Let p be b(-4). Is (-2 - p)*-1*q composite?
False
Let s(f) = 14*f - 11. Let v be s(-5). Let t be 6*9/(v/(-42)). Is 14/t*(1 + (795 - 2)) a prime number?
True
Let d(g) = -57*g - 32. Let y(f) = 284*f + 161. Let p be (-7)/4 + 2/16*-2. Let m(h) = p*y(h) - 11*d(h). Is m(11) prime?
False
Suppose -47 - 16 = 7*w. Let m(s) = -370*s + 49. Is m(w) a composite number?
True
Is (56567/(-3))/(201/(-9) - -22) a prime number?
False
Is (31 - -21997)*3/12 a prime number?
True
Let r be 3/(4 - 7) - 6585. Let n = r - -15099. Is n composite?
False
Suppose 5*h + 5*s = 32010, 0 = h + s - 6*s - 6402. Suppose 4*i = -2*z + h, 3*z - 4*i - 9576 = -i. Is z/6 + 3/12*2 prime?
False
Let z(o) = -4*o - 33. Let v be z(12). Let g = v + 55. Is (1/2*1361)/(g/(-52)) prime?
True
Let m be -8*(-3)/(48/(-76)). Let i be (m/8)/(8/(-32)). Is i/((-6)/27 - 110/(-414)) composite?
True
Suppose 3*m + l + 4*l - 38 = 0, 4*l = -2*m + 24. Suppose -m*b + 3290 = -6*b. Is b a prime number?
False
Let z(c) = -13*c**3 + 36*c**2 - 33*c - 6. Let s be z(-14). Suppose -4*k = 16*p - 15*p - 10821, -4*p + s = -4*k. Is p prime?
False
Let l = -362 + 359. Is (-111)/74*7286/l composite?
False
Suppose v - 64 = 9*v. Let r = v - -10. Suppose 2*k = g + 715, -1427 = -6*k + r*k + 3*g. Is k composite?
False
Suppose 2*j = 5*q - 50, -4*q + 15 = -1. Let p = j + 11. Is -6 - 25/p - (-10886)/8 prime?
True
Suppose -3*w + 549845 = 2*a, -604302 - 861958 = -8*w - 2*a. Is w composite?
False
Suppose -5*c + 658713 = 2*q, 149*q = 5*c + 147*q - 658717. Is c a prime number?
True
Suppose l + 15*f = 19*f + 17, 5*l - 19 = -2*f. Suppose -l*m + 233 = -1862. Is m a composite number?
False
Let b(i) = -i**3 - 15*i**2 + 15*i - 13. Let x be b(-16). Suppose 7*m = -2*t + 3*m + 1190, -x*t = 4*m - 1777. Is t a composite number?
False
Let p(h) = 28677*h + 998. Is p(3) composite?
True
Let c(t) = 6*t + 5*t**2 + 19 - 22*t - 13*t. Is c(20) composite?
False
Suppose 39*v - 67*v = -448. Suppose 17*w - v*w - 4295 = 0. Is w a prime number?
False
Let h(y) = 4*y**3 - 7*y**2 - 14*y - 19. Let u(l) = -l**3 + l + 1. Let x(z) = -h(z) - 5*u(z). Let q be x(-6). Is (-669)/(q/(8/3)) a prime number?
False
Let t(f) be the first derivative of -27*f**4/8 + 11*f**3/3 + 23*f**2/2 - 8. Let j(q) be the second derivative of t(q). Is j(-11) a composite number?
True
Suppose -755*w = -776*w + 10049823. Is w prime?
False
Let z = -391892 - -600435. Is z composite?
True
Let k = -317 - -321. Suppose -5*p + 7*l + 26553 = 8*l, -k*p + 4*l + 21252 = 0. Is p prime?
False
Let a(o) = -19 + 2 - 5*o + 35*o**2 + 3*o + 32. Is a(-4) a prime number?
False
Suppose 549*c - 13388782 = 527*c. Is c prime?
True
Let p(t) = -t**3 + 11*t**2 - 2*t + 286289. Is p(0) composite?
False
Let m be ((-496)/24)/(1/6). Let l = m + -31. Let t = l - -246. Is t prime?
False
Suppose 0 = 2*n - 13869 - 5325. Suppose -p - 7*a + 9*a + 22 = 0, a - 19 = -2*p. Suppose -p*o + 9*o = -n. Is o a composite number?
True
Let x = 91663 + -54474. Is x composite?
False
Suppose -5*s + 2*s + 188 = 2*j, 5*j - 470 = -2*s. Let d = 465 - j. Is d a composite number?
True
Suppose -3*v - 18 = -5*a, -3*a + 5*v - 4 = -18. Let i(s) = 14*s**3 - 12*s - 8*s**3 + 4*s**a + 4*s + 3 - 2*s**2. Is i(5) composite?
False
Suppose 143269 = 3*f + 5*p + 39190, -5*f = -p - 173493. Let d = f + -17089. Is d composite?
False
Let s(q) = q**3 - 8*q**2 + 10*q + 14. Let t be s(17). Let j = t - -1002. Is j composite?
True
Let o = -111 + 115. Suppose 2*a - 3581 = o*h + 2025, 0 = -4*a + 3*h + 11227. Is a a prime number?
False
Let p be 390282/(-15) - 24/(-30). Let c = p - -44521. Is c prime?
True
Let d(f) = f**2 - 33*f - 57. Let z(m) = 5*m**2 - 166*m - 279. Let h(t) = -11*d(t) + 2*z(t). Is h(17) prime?
True
Suppose 2*b + 5*u = -6064, 0 = 5*b + 3*u + 4156 + 11023. Is (-83 + 81)*b/2 composite?
False
Let a be 7994/(-105)*-5 - (-1)/3. Suppose 2*y = 3*m - a, 244 + 10 = 2*m - y. Is m a prime number?
True
Suppose -3*b + 5*t = -107947, -5*t - 71973 = -98*b + 96*b. Is b prime?
False
Is -6843*((-394)/42 - 114/399) prime?
False
Let d(y) = 6*y + 12. Suppose r = -23 + 21. Let j be d(r). Is 7/(-7) + 308 - j/1 a composite number?
False
Let b(n) = 10134*n**2 + 12*n + 5. Let h be b(2). Suppose 3*l - 3*m - 9973 = 30584, -3*l = -m - h. Is l prime?
True
Suppose -4*n - 3*p = -309073, -4*n = -11*p + 8*p - 309055. Suppose 2*k = -3*z + 115909, -2*z - 55*k + 52*k = -n. Is z prime?
True
Let y(f) = -f**3 - 12*f**2 - 9*f + 24. Let o be y(-11). Suppose 0*q - 3*q + 2*x + o = 0, 0 = q + 4*x + 4. Suppose -5*d + 457 + 738 = q. Is d a composite number?
False
Is (((-4)/6)/1)/((8/(-553701))/4) composite?
False
Let r(b) be